{"id":3120,"date":"2020-06-08T14:07:08","date_gmt":"2020-06-08T17:07:08","guid":{"rendered":"http:\/\/rafaacessorios.com.br\/?post_type=product&#038;p=3120"},"modified":"2020-06-08T14:07:22","modified_gmt":"2020-06-08T17:07:22","slug":"mini-caixinha","status":"publish","type":"product","link":"https:\/\/rafaacessorios.com.br\/index.php\/produto\/mini-caixinha\/","title":{"rendered":"Mini Caixinha"},"content":{"rendered":"<section class=\"ui-view-more vip-section-specs main-section\">\n<h2 class=\"main-section__title\"><\/h2>\n<div class=\"specs-wrapper\">\n<section class=\"specs-container specs-primary-specs specs-layout-default u-clearfix\">\n<ul class=\"specs-list specs-list-primary specs-structure-medium\">\n<li class=\"specs-item specs-item-primary\"><strong>Marca: <\/strong>Mini Speaker<\/li>\n<li class=\"specs-item specs-item-primary\"><strong>Modelo: <\/strong>WS-887<\/li>\n<\/ul>\n<\/section>\n<section class=\"specs-container specs-container__collapsable specs-secondary-specs specs-layout-default u-clearfix\">\n<ul class=\"specs-list specs-list-secondary specs-structure-xlarge\">\n<li class=\"specs-item specs-item-secondary\"><strong>Pot\u00eancia de sa\u00edda (RMS):<\/strong>\u00a03 W<\/li>\n<li class=\"specs-item specs-item-secondary\"><strong>Tipos de alto-falante:<\/strong>\u00a0Importado<\/li>\n<li class=\"specs-item specs-item-secondary\"><strong>Tipos de filtros do alto-falante:<\/strong>\u00a0Importado<\/li>\n<li class=\"specs-item specs-item-secondary\"><strong>Formato do alto-falante:<\/strong>\u00a0Caixa<\/li>\n<li class=\"specs-item specs-item-secondary\"><strong>Quantidade de alto-falantes:<\/strong>\u00a01<\/li>\n<li class=\"specs-item specs-item-secondary\"><strong>Lugares de coloca\u00e7\u00e3o:<\/strong>\u00a0Importado<\/li>\n<li class=\"specs-item specs-item-secondary\"><strong>Bluetooth:<\/strong>\u00a0Sim<\/li>\n<li class=\"specs-item specs-item-secondary\"><strong>Wi-Fi:<\/strong>\u00a0N\u00e3o<\/li>\n<li class=\"specs-item specs-item-secondary\"><strong>Base:<\/strong>\u00a0N\u00e3o<\/li>\n<li class=\"specs-item specs-item-secondary\"><strong>Microfone:<\/strong>\u00a0N\u00e3o<\/li>\n<\/ul>\n<\/section>\n<\/div>\n<\/section>\n<section class=\"main-section item-description \">\n<h2 class=\"main-section__title item-description__title\"><\/h2>\n<div id=\"description-includes\" class=\"item-description__content \">\n<div class=\"item-description__text\">\n<p>Mini Caixa De Som Port\u00e1til Speaker Ws-887<\/p>\n<p>Mini Caixa De Som Speaker Ws-887 Com Bluetooth, Fm, Entrada Micro Sd E Auxiliar.<br \/>\nSurpreenda Com A Qualidade De Som!<\/p>\n<p>Especifica\u00e7\u00e3o T\u00e9cnica:<\/p>\n<p>Modelo: Ws-887<br \/>\nVers\u00e3o Do Bluettoth: 4.0<br \/>\nSa\u00edda Alto Falante: 3w<br \/>\nEntrada Cart\u00e3o De Mem\u00f3ria: Sim<br \/>\nDistor\u00e7\u00e3o: &lt; 0,5<br \/>\nFaixa De Rf: 10m<br \/>\nResposta De Frequ\u00eancia: 280hz \u2013 16khz<br \/>\nTens\u00e3o Da Bateria \/ Capacidade: 5v+- 0,5v<br \/>\nSinal De Ru\u00eddo: &gt;-85db<br \/>\nCapacidade De Bateria: 820ma<br \/>\nTempo De Carregamento: Cerca De 2 Horas<br \/>\nDimens\u00f5es: Alt. 7cm \/ Diam . 6,5cm<\/p>\n<p>Itens Inclusos:<\/p>\n<p>1- Caixa De Som Ws-887<br \/>\n1- Cabo Usb<\/p>\n<\/div>\n<\/div>\n<\/section>\n","protected":false},"excerpt":{"rendered":"<header class=\"item-title\" data-js-item-title=\"\">\n<p class=\"item-title__primary \">Mini Caixinha Som Port\u00e1til Bluetooth Mp3 Fm Sd Usb Hi<\/p>\n<\/header>\n<article class=\"vip-rating core-review\"><a class=\"iframe-modal \" rel=\"nofollow\" data-modal:url=\"\/noindex\/catalog\/reviews\/MLB1053701797?noIndex=true&amp;itemId=MLB1053701797&amp;modal=true&amp;modalWidth=840&amp;modalHeight=400&amp;access=stars\" data-modal:dinamic=\"true\" data-modal:width=\"840\" data-modal:height=\"400\" data-modal:frameless=\"1\" data-modal:style=\"new\"><label class=\"ch-icon-star star-icon\" for=\"reviewEmptyStar0\"><\/label><label class=\"ch-icon-star star-icon star-icon-full\" for=\"reviewFullStar0\"><\/label><label class=\"ch-icon-star star-icon star-icon-full\" for=\"reviewFullStar1\"><\/label><label class=\"ch-icon-star star-icon star-icon-full\" for=\"reviewFullStar2\"><\/label><label class=\"ch-icon-star star-icon star-icon-full\" for=\"reviewFullStar3\"><\/label>\u00a0<span class=\"average-legend\">22\u00a0opini\u00f5es<\/span><\/a><\/article>\n","protected":false},"featured_media":3121,"comment_status":"open","ping_status":"closed","template":"","meta":[],"product_brand":[],"product_cat":[20],"product_tag":[],"class_list":{"0":"post-3120","1":"product","2":"type-product","3":"status-publish","4":"has-post-thumbnail","6":"product_cat-musica","8":"first","9":"instock","10":"shipping-taxable","11":"purchasable","12":"product-type-simple"},"_links":{"self":[{"href":"https:\/\/rafaacessorios.com.br\/index.php\/wp-json\/wp\/v2\/product\/3120","targetHints":{"allow":["GET"]}}],"collection":[{"href":"https:\/\/rafaacessorios.com.br\/index.php\/wp-json\/wp\/v2\/product"}],"about":[{"href":"https:\/\/rafaacessorios.com.br\/index.php\/wp-json\/wp\/v2\/types\/product"}],"replies":[{"embeddable":true,"href":"https:\/\/rafaacessorios.com.br\/index.php\/wp-json\/wp\/v2\/comments?post=3120"}],"wp:featuredmedia":[{"embeddable":true,"href":"https:\/\/rafaacessorios.com.br\/index.php\/wp-json\/wp\/v2\/media\/3121"}],"wp:attachment":[{"href":"https:\/\/rafaacessorios.com.br\/index.php\/wp-json\/wp\/v2\/media?parent=3120"}],"wp:term":[{"taxonomy":"product_brand","embeddable":true,"href":"https:\/\/rafaacessorios.com.br\/index.php\/wp-json\/wp\/v2\/product_brand?post=3120"},{"taxonomy":"product_cat","embeddable":true,"href":"https:\/\/rafaacessorios.com.br\/index.php\/wp-json\/wp\/v2\/product_cat?post=3120"},{"taxonomy":"product_tag","embeddable":true,"href":"https:\/\/rafaacessorios.com.br\/index.php\/wp-json\/wp\/v2\/product_tag?post=3120"}],"curies":[{"name":"wp","href":"https:\/\/api.w.org\/{rel}","templated":true}]}}