{"id":3318,"date":"2020-06-15T20:14:41","date_gmt":"2020-06-15T23:14:41","guid":{"rendered":"http:\/\/rafaacessorios.com.br\/?post_type=product&#038;p=3318"},"modified":"2020-06-16T21:13:46","modified_gmt":"2020-06-17T00:13:46","slug":"point-pro","status":"publish","type":"product","link":"https:\/\/rafaacessorios.com.br\/index.php\/produto\/point-pro\/","title":{"rendered":"Point Pr\u00f3"},"content":{"rendered":"<p>Com conex\u00e3o \u00e0 internet via Wifi e plano de dados gr\u00e1tis<br \/>\nVenda e receba o dinheiro na sua conta do Mercado Pago<br \/>\nE acompanhe tudo pelo app, baixe agora mesmo!<\/p>\n<p>&#8211; CONEX\u00c3O POR WIFI E CHIP<br \/>\n&#8211; CHIP E PLANO DE DADOS GR\u00c1TIS<br \/>\n&#8211; N\u00e3o precisa de celular<br \/>\n&#8211; Sem aluguel, nem taxa de ades\u00e3o<br \/>\n&#8211; Para empreendedor e empresa<br \/>\n&#8211; Parcele suas vendas em at\u00e9 12 vezes<br \/>\n&#8211; 3 anos de garantia<br \/>\n&#8211; Aceite as principais bandeiras<br \/>\n&#8211; Imprima o comprovante na hora<br \/>\nOu envie por SMS ao seu cliente.<\/p>\n<p>O dinheiro das suas vendas ficar\u00e1 na sua conta do Mercado Pago e, assim que estiver dispon\u00edvel, voc\u00ea poder\u00e1 retir\u00e1-lo a sua conta banc\u00e1ria.<\/p>\n<p>VOC\u00ca N\u00c3O PAGA ALUGUEL NEM TAXA DE ADES\u00c3O<br \/>\nCom o Mercado Pago Point voc\u00ea s\u00f3 paga quando vender!<\/p>\n<p>O SEU DINHEIRO DISPON\u00cdVEL NA HORA<br \/>\nPara todas as suas vendas com d\u00e9bito e de acordo com a tarifa que escolher para cr\u00e9dito.<\/p>\n<p>VOC\u00ca RECEBE PAGAMENTOS COM AS MELHORES TARIFAS DO MERCADO<\/p>\n<p>&#8211; Vendas com D\u00e9bito<br \/>\nVoc\u00ea paga 1,99% por cada venda e o dinheiro fica dispon\u00edvel na hora que for aprovado.<\/p>\n<p>&#8211; Vendas com cr\u00e9dito \u00e0 vista, voc\u00ea escolhe a tarifa e o prazo de libera\u00e7\u00e3o:<\/p>\n<p>Para cr\u00e9dito a vista:<br \/>\n4,74% \u2013 Na hora<br \/>\n3,79% \u2013 14 dias<br \/>\n3,03% \u2013 30 dias<\/p>\n<p>No Cr\u00e9dito parcelado 5,31% + A tarifa por parcela.<\/p>\n<p>2 parcelas \u2013 4,09%;<br \/>\n3 parcelas \u2013 5,41%;<br \/>\n4 parcelas \u2013 6,70%;<br \/>\n5 parcelas \u2013 7,96%;<br \/>\n6 parcelas \u2013 9,20%;<br \/>\n7 parcelas \u2013 10,41%;<br \/>\n8 parcelas \u2013 11,61%;<br \/>\n9 parcelas \u2013 12,78%;<br \/>\n10 parcelas \u2013 13,92%;<br \/>\n11 parcelas \u2013 15,05%;<br \/>\n12 parcelas \u2013 16,15%.<\/p>\n<p>Bandeiras de cart\u00e3o aceitas pela m\u00e1quina Mercado Pago<\/p>\n<p>. Visa<br \/>\n. Mastercard<br \/>\n. Elo<br \/>\n. Dinners Club<br \/>\n. Hipercard<br \/>\n. American Express<\/p>\n<p>Voc\u00ea pode ter um empr\u00e9stimo com apenas 3 meses de vendas<br \/>\n100% online.<br \/>\nSem pap\u00e9is nem burocracia.<br \/>\nEmprestamos at\u00e9 R$ 50.000 com base nas suas vendas com o Point.<br \/>\nVoc\u00ea pode usar o dinheiro para o que o seu neg\u00f3cio precisar.<\/p>\n<p>Voc\u00ea tamb\u00e9m pode:<br \/>\n-Enviar dinheiro para os seus contatos e fornecedores.<br \/>\n-Recarregar celular, pagar boletos e muito mais.<br \/>\n-Comprar no Mercado Livre ou em qualquer loja que aceite o Mercado Pago.<br \/>\n-Multiplicar seu dinheiro com um rendimento anual estimado em 5.2%<\/p>\n<p>Conte\u00fado da embalagem.<br \/>\n01 Maquina Point Pro Move\/2500<br \/>\n01 Carregador;<br \/>\n01 Manual de instru\u00e7\u00f5es;<br \/>\n01 Adesivo com as bandeiras aceitas;<br \/>\n05 bobinas de papel.<br \/>\n01 Nota Fiscal<\/p>\n<p>Ela acompanha 5 bobinas, antes de acabar no pr\u00f3prio aplicativo mercado pago voc\u00ea pode solicitar mais bobinas gr\u00e1tis. O mercado pago ir\u00e1 enviar a quantidade de acordo com suas vendas..<\/p>\n<p>Pra solicitar as bobinas no aplicativo mercado pago v\u00e1 em Configura\u00e7\u00e3o, Ajuda, Maquininha Point, Come\u00e7ar a usar o Point, Tenho o Point Pro, Tudo Sobre as Bobinas Do Point Pro.<\/p>\n","protected":false},"excerpt":{"rendered":"<p class=\"item-title__primary \">Point Pro Maquina De Cartao Mercado Pago Que Imprime<\/p>\n","protected":false},"featured_media":3319,"comment_status":"open","ping_status":"closed","template":"","meta":[],"product_brand":[],"product_cat":[36],"product_tag":[],"class_list":{"0":"post-3318","1":"product","2":"type-product","3":"status-publish","4":"has-post-thumbnail","6":"product_cat-maquinetas","8":"first","9":"instock","10":"shipping-taxable","11":"purchasable","12":"product-type-simple"},"_links":{"self":[{"href":"https:\/\/rafaacessorios.com.br\/index.php\/wp-json\/wp\/v2\/product\/3318","targetHints":{"allow":["GET"]}}],"collection":[{"href":"https:\/\/rafaacessorios.com.br\/index.php\/wp-json\/wp\/v2\/product"}],"about":[{"href":"https:\/\/rafaacessorios.com.br\/index.php\/wp-json\/wp\/v2\/types\/product"}],"replies":[{"embeddable":true,"href":"https:\/\/rafaacessorios.com.br\/index.php\/wp-json\/wp\/v2\/comments?post=3318"}],"wp:featuredmedia":[{"embeddable":true,"href":"https:\/\/rafaacessorios.com.br\/index.php\/wp-json\/wp\/v2\/media\/3319"}],"wp:attachment":[{"href":"https:\/\/rafaacessorios.com.br\/index.php\/wp-json\/wp\/v2\/media?parent=3318"}],"wp:term":[{"taxonomy":"product_brand","embeddable":true,"href":"https:\/\/rafaacessorios.com.br\/index.php\/wp-json\/wp\/v2\/product_brand?post=3318"},{"taxonomy":"product_cat","embeddable":true,"href":"https:\/\/rafaacessorios.com.br\/index.php\/wp-json\/wp\/v2\/product_cat?post=3318"},{"taxonomy":"product_tag","embeddable":true,"href":"https:\/\/rafaacessorios.com.br\/index.php\/wp-json\/wp\/v2\/product_tag?post=3318"}],"curies":[{"name":"wp","href":"https:\/\/api.w.org\/{rel}","templated":true}]}}