{"id":4145,"date":"2022-11-30T10:14:00","date_gmt":"2022-11-30T13:14:00","guid":{"rendered":"http:\/\/rafaacessorios.com.br\/?post_type=product&#038;p=4145"},"modified":"2022-11-30T10:14:00","modified_gmt":"2022-11-30T13:14:00","slug":"mini-camera-wifi","status":"publish","type":"product","link":"https:\/\/rafaacessorios.com.br\/index.php\/produto\/mini-camera-wifi\/","title":{"rendered":"Mini C\u00e2mera Wifi"},"content":{"rendered":"<p>Mini Camera De Seguran\u00e7a Discreta Espi\u00e3 Hd Nf Alta Qualidade<\/p>\n<p>PRODUTO PRONTA ENTREGA &#8211; ENVIO IMEDIATO<\/p>\n<p>N\u00c3O ASCENDE LUZ, DISCRETA, GRAVA AUDIO, FILMA EM 190 GRAUS.<\/p>\n<p>Mini Micro Camera Espi\u00e3 Monitoramento Seguran\u00e7a Wifi 1080p<br \/>\nCARACTER\u00cdSTICAS<\/p>\n<p>&#8211; 1080P completo traz uma experi\u00eancia diferente. Est\u00e1 c\u00e2mera ip sem fio permite que voc\u00ea veja em tempo real o que est\u00e1 acontecendo dentro de sua casa ou escrit\u00f3rio, mesmo quando estiver longe de f\u00e9rias ou em uma viagem de neg\u00f3cios. A visualiza\u00e7\u00e3o remota pode ser acessada atrav\u00e9s do aplicativo (HDWIFICAMPRO) usando smartphones IOS e Android.<\/p>\n<p>&#8211; A C\u00e2mera A9 ip sem fio pode trabalhar com ou sem Wi-Fi (Somente 2.4ghz). Quando estiver sem acesso ao Wi-Fi, insira um cart\u00e3o micro SD (N\u00e3o incluso) e posteriormente a ligue, a c\u00e2mera A9 ir\u00e1 gravar e salvar os arquivos de v\u00eddeo para o cart\u00e3o SD (N\u00e3o incluso).<\/p>\n<p>&#8211; Noite &amp; Movimento Detec\u00e7\u00e3o &amp; Alarme Push: S\u00e3o as fun\u00e7\u00f5es base para esta c\u00e2mera de seguran\u00e7a interna. Permite com que tenha acesso a vis\u00e3o noturna, tamb\u00e9m podendo capturar qualquer movimento perante a c\u00e2mera.<\/p>\n<p>INFORMA\u00c7\u00d5ES DO PRODUTO<br \/>\n&#8211; Material: Liga de alum\u00ednio<br \/>\n&#8211; Tamanho: 5*4.5*4.5cm<br \/>\n&#8211; Cor: Preto<br \/>\n&#8211; Rela\u00e7\u00e3o de resolu\u00e7\u00e3o: 1980*1080p<br \/>\n&#8211; Formato de v\u00eddeo: AVI<br \/>\n&#8211; Tipo de cart\u00e3o de mem\u00f3ria: Suporte micro cart\u00e3o SD at\u00e9 128Gb, (TF n\u00e3o est\u00e1 inclu\u00eddo)<br \/>\n&#8211; Formato comprimido: H.264<br \/>\n&#8211; Suporte ao aplicativo: IOS \/ Android<br \/>\n&#8211; Aplicativo: HDCAMERAPRO<br \/>\n&#8211; \u00c2ngulo: 150 \u00b0<br \/>\n&#8211; Dura\u00e7\u00e3o da bateria: 50 minutos<\/p>\n<p>ITENS INCLUSOS<br \/>\n&#8211; 1 C\u00e2mera espi\u00e3 sem fio Wi-Fi<br \/>\n&#8211; 1 Suporte magn\u00e9tico<br \/>\n&#8211; 1 Mini suporte de metal com \u00edm\u00e3<br \/>\n&#8211; 1 Cabo USB<br \/>\n&#8211; 1 Manual de instru\u00e7\u00e3o<\/p>\n","protected":false},"excerpt":{"rendered":"<div id=\"islmp\" class=\"OcgH4b Oqwwc\" role=\"main\">\n<div class=\"ZuT88e\">\n<div class=\"tmS4cc blLOvc snjnxc\" data-hveid=\"CAEQxgE\" data-ved=\"2ahUKEwjJn5ij49X7AhX_NrkGHXwQDMAQtDJ6BQgBEMYB\" data-cid=\"GRID_STATE0\">\n<div class=\"gBPM8\">\n<div class=\"eill-c\" data-root-margin-pages=\"1\">\n<div id=\"islrg\">\n<div class=\"islrc\">\n<div class=\"isv-r PNCib MSM1fd BUooTd\" data-ved=\"2ahUKEwjJn5ij49X7AhX_NrkGHXwQDMAQMygGegUIARCRAw\" data-hveid=\"CAEQkQM\" data-ictx=\"1\" data-id=\"VUMzp4sFjUphqM\" data-ri=\"6\" data-tbnid=\"VUMzp4sFjUphqM\" data-ct=\"3\" data-cb=\"3\" data-cl=\"3\" data-cr=\"3\" data-tw=\"231\" data-ow=\"1000\" data-oh=\"941\" data-sc=\"1\" data-os=\"-2\"><\/div>\n<div class=\"isv-r PNCib MSM1fd BUooTd\" data-ved=\"2ahUKEwjJn5ij49X7AhX_NrkGHXwQDMAQMygMegUIARCgAw\" data-hveid=\"CAEQoAM\" data-ictx=\"1\" data-id=\"1YOHQH-jzgniaM\" data-ri=\"12\" data-tbnid=\"1YOHQH-jzgniaM\" data-ct=\"0\" data-cb=\"0\" data-cl=\"0\" data-cr=\"0\" data-tw=\"225\" data-ow=\"960\" data-oh=\"960\" data-sc=\"1\" data-os=\"-2\">\n<p class=\"bytUYc\"><span style=\"font-family: inherit; font-size: 36px; letter-spacing: -0.02em;\">Mini C\u00e2mera Espi\u00e3 Wifi Ip A9 Vis\u00e3o Noturna Com Gravador De Voz &#8211; Cam Wifi<\/span><\/p>\n<\/div>\n<\/div>\n<\/div>\n<\/div>\n<\/div>\n<\/div>\n<\/div>\n<\/div>\n","protected":false},"featured_media":4147,"comment_status":"open","ping_status":"closed","template":"","meta":[],"product_brand":[],"product_cat":[21],"product_tag":[],"class_list":{"0":"post-4145","1":"product","2":"type-product","3":"status-publish","4":"has-post-thumbnail","6":"product_cat-cameras","8":"first","9":"instock","10":"sale","11":"shipping-taxable","12":"purchasable","13":"product-type-simple"},"_links":{"self":[{"href":"https:\/\/rafaacessorios.com.br\/index.php\/wp-json\/wp\/v2\/product\/4145","targetHints":{"allow":["GET"]}}],"collection":[{"href":"https:\/\/rafaacessorios.com.br\/index.php\/wp-json\/wp\/v2\/product"}],"about":[{"href":"https:\/\/rafaacessorios.com.br\/index.php\/wp-json\/wp\/v2\/types\/product"}],"replies":[{"embeddable":true,"href":"https:\/\/rafaacessorios.com.br\/index.php\/wp-json\/wp\/v2\/comments?post=4145"}],"wp:featuredmedia":[{"embeddable":true,"href":"https:\/\/rafaacessorios.com.br\/index.php\/wp-json\/wp\/v2\/media\/4147"}],"wp:attachment":[{"href":"https:\/\/rafaacessorios.com.br\/index.php\/wp-json\/wp\/v2\/media?parent=4145"}],"wp:term":[{"taxonomy":"product_brand","embeddable":true,"href":"https:\/\/rafaacessorios.com.br\/index.php\/wp-json\/wp\/v2\/product_brand?post=4145"},{"taxonomy":"product_cat","embeddable":true,"href":"https:\/\/rafaacessorios.com.br\/index.php\/wp-json\/wp\/v2\/product_cat?post=4145"},{"taxonomy":"product_tag","embeddable":true,"href":"https:\/\/rafaacessorios.com.br\/index.php\/wp-json\/wp\/v2\/product_tag?post=4145"}],"curies":[{"name":"wp","href":"https:\/\/api.w.org\/{rel}","templated":true}]}}