{"id":4158,"date":"2022-12-19T16:34:15","date_gmt":"2022-12-19T19:34:15","guid":{"rendered":"http:\/\/rafaacessorios.com.br\/?post_type=product&#038;p=4158"},"modified":"2022-12-19T16:34:15","modified_gmt":"2022-12-19T19:34:15","slug":"conversor-ps2-hdmi","status":"publish","type":"product","link":"https:\/\/rafaacessorios.com.br\/index.php\/produto\/conversor-ps2-hdmi\/","title":{"rendered":"Conversor Ps2 HDMI"},"content":{"rendered":"<div id=\"technical_specifications\" class=\"ui-pdp-container__row ui-pdp-container__row--technical-specifications\">\n<div class=\"ui-pdp-specs\">\n<div class=\"ui-pdp-specs__table\">\n<table class=\"andes-table\">\n<tbody class=\"andes-table__body\">\n<tr class=\"andes-table__row\">\n<th class=\"andes-table__header andes-table__header--left ui-pdp-specs__table__column ui-pdp-specs__table__column-title\">Marca<\/th>\n<td class=\"andes-table__column andes-table__column--left ui-pdp-specs__table__column\"><span class=\"andes-table__column--value\">For Ps2<\/span><\/td>\n<\/tr>\n<tr class=\"andes-table__row\">\n<th class=\"andes-table__header andes-table__header--left ui-pdp-specs__table__column ui-pdp-specs__table__column-title\">Modelo<\/th>\n<td class=\"andes-table__column andes-table__column--left ui-pdp-specs__table__column\"><span class=\"andes-table__column--value\">PS2 to HDMI<\/span><\/td>\n<\/tr>\n<tr class=\"andes-table__row\">\n<th class=\"andes-table__header andes-table__header--left ui-pdp-specs__table__column ui-pdp-specs__table__column-title\">Tipo de cabo e adaptador<\/th>\n<td class=\"andes-table__column andes-table__column--left ui-pdp-specs__table__column\"><span class=\"andes-table__column--value\">PS\/2<\/span><\/td>\n<\/tr>\n<tr class=\"andes-table__row\">\n<th class=\"andes-table__header andes-table__header--left ui-pdp-specs__table__column ui-pdp-specs__table__column-title\">Cor<\/th>\n<td class=\"andes-table__column andes-table__column--left ui-pdp-specs__table__column\"><span class=\"andes-table__column--value\">Po<\/span><\/td>\n<\/tr>\n<tr class=\"andes-table__row\">\n<th class=\"andes-table__header andes-table__header--left ui-pdp-specs__table__column ui-pdp-specs__table__column-title\">Unidades por embalagem<\/th>\n<td class=\"andes-table__column andes-table__column--left ui-pdp-specs__table__column\"><span class=\"andes-table__column--value\">1<\/span><\/td>\n<\/tr>\n<tr class=\"andes-table__row\">\n<th class=\"andes-table__header andes-table__header--left ui-pdp-specs__table__column ui-pdp-specs__table__column-title\">Formato de venda<\/th>\n<td class=\"andes-table__column andes-table__column--left ui-pdp-specs__table__column\"><span class=\"andes-table__column--value\">Unidade<\/span><\/td>\n<\/tr>\n<tr class=\"andes-table__row\">\n<th class=\"andes-table__header andes-table__header--left ui-pdp-specs__table__column ui-pdp-specs__table__column-title\">Comprimento do cabo<\/th>\n<td class=\"andes-table__column andes-table__column--left ui-pdp-specs__table__column\"><span class=\"andes-table__column--value\">20 cm<\/span><\/td>\n<\/tr>\n<\/tbody>\n<\/table>\n<\/div>\n<h3 class=\"ui-pdp-specs__subtitle\">Outros<\/h3>\n<div class=\"ui-pdp-list ui-pdp-specs__list\">\n<ul class=\"ui-pdp-list__wrapper\">\n<li class=\"ui-pdp-list__item\">\n<p class=\"ui-pdp-family--REGULAR ui-pdp-list__text\"><span class=\"ui-pdp-color--BLACK ui-pdp-size--XSMALL ui-pdp-family--BOLD\">Tipo de produto<\/span>: Adaptador<\/p>\n<\/li>\n<li class=\"ui-pdp-list__item\">\n<p class=\"ui-pdp-family--REGULAR ui-pdp-list__text\"><span class=\"ui-pdp-color--BLACK ui-pdp-size--XSMALL ui-pdp-family--BOLD\">Quantidade de conectores de entrada<\/span>: 1<\/p>\n<\/li>\n<\/ul>\n<ul class=\"ui-pdp-list__wrapper\">\n<li class=\"ui-pdp-list__item\">\n<p class=\"ui-pdp-family--REGULAR ui-pdp-list__text\"><span class=\"ui-pdp-color--BLACK ui-pdp-size--XSMALL ui-pdp-family--BOLD\">Quantidade de conectores de sa\u00edda<\/span>: 1<\/p>\n<\/li>\n<li class=\"ui-pdp-list__item\">\n<p class=\"ui-pdp-family--REGULAR ui-pdp-list__text\"><span class=\"ui-pdp-color--BLACK ui-pdp-size--XSMALL ui-pdp-family--BOLD\">Conector de entrada<\/span>: HDMI<\/p>\n<\/li>\n<\/ul>\n<ul class=\"ui-pdp-list__wrapper\">\n<li class=\"ui-pdp-list__item\">\n<p class=\"ui-pdp-family--REGULAR ui-pdp-list__text\"><span class=\"ui-pdp-color--BLACK ui-pdp-size--XSMALL ui-pdp-family--BOLD\">Conector de sa\u00edda<\/span>: HDMI<\/p>\n<\/li>\n<li class=\"ui-pdp-list__item\">\n<p class=\"ui-pdp-family--REGULAR ui-pdp-list__text\"><span class=\"ui-pdp-color--BLACK ui-pdp-size--XSMALL ui-pdp-family--BOLD\">G\u00eanero do conector de entrada<\/span>: F\u00eamea<\/p>\n<\/li>\n<\/ul>\n<ul class=\"ui-pdp-list__wrapper\">\n<li class=\"ui-pdp-list__item\">\n<p class=\"ui-pdp-family--REGULAR ui-pdp-list__text\"><span class=\"ui-pdp-color--BLACK ui-pdp-size--XSMALL ui-pdp-family--BOLD\">G\u00eanero do conector de sa\u00edda<\/span>: Macho<\/p>\n<\/li>\n<li class=\"ui-pdp-list__item\">\n<p class=\"ui-pdp-family--REGULAR ui-pdp-list__text\"><span class=\"ui-pdp-color--BLACK ui-pdp-size--XSMALL ui-pdp-family--BOLD\">Material de revestimento do conector<\/span>: Lat\u00e3o niquelado<\/p>\n<\/li>\n<\/ul>\n<\/div>\n<\/div>\n<\/div>\n<div id=\"description\" class=\"ui-pdp-container__row ui-pdp-container__row--description\">\n<div class=\"ui-pdp-description\">\n<h2 class=\"ui-pdp-description__title\">Descri\u00e7\u00e3o<\/h2>\n<p class=\"ui-pdp-description__content\">Voc\u00ea comprou uma televis\u00e3o Full HD nova que n\u00e3o tem entrada RCA, mas n\u00e3o quer deixar de jogar o seu Playstation 2 favorito? Esse cabo conversor \u00e9 feito para voc\u00ea! Converta a entrada o seu PS2 para HDMI, aproveitando o m\u00e1ximo dos gr\u00e1ficos do seu PS2 numa TV com HDMI!<\/p>\n<p>&#8211; PRODUTO DE ALTA QUALIDADE VOC\u00ca S\u00d3 ENCONTRA AQUI, TODOS A PRONTA ENTREGA.<br \/>\n&#8211; OS PRODUTOS S\u00c3O ENVIADOS LACRADOS, COM NOTA FISCAL E GARANTIA.<br \/>\n&#8211; COMPRANDO AT\u00c9 AS 14:00 ENVIAMOS NO MESMO DIA.<\/p>\n<p>* Prezados Clientes, pedimos desculpas caso o an\u00fancio n\u00e3o esteja mais ativo nos pr\u00f3ximos minutos, essas s\u00e3o nossas ultimas unidades no pre\u00e7o promocional. N\u00e3o deixe essa oportunidade passar!<\/p>\n<p>=======================================================================<\/p>\n<p>ADAPTADOR CONVERSOR PLAYSTATION 2 PS2 P\/ HDMI TV MONITOR<\/p>\n<p>O PS2 to HDMI \u00e9 um conversor para o console Playstation 2, sa\u00eddas de v\u00eddeo e \u00e1udio na \u00edntegra com formato digital HDMI, suporta todos os modos de exibi\u00e7\u00e3o do PS2 (480i, 576i, 480p) n\u00e3o compat\u00edvel com sistema 4k. Com apenas um cabo HDMI Plug and Play para \u00e1udio e v\u00eddeo voc\u00ea ter\u00e1 os melhores efeitos em sua TV HD ou Full HD, ele aumenta a qualidade gr\u00e1fica dos jogos, deixando o seu PS2 com qualidade muito melhor em sua TV.<\/p>\n<p>&#8211; CARACTER\u00cdSTICAS \u2013<br \/>\n\u2022 V\u00eddeo e \u00e1udio em formato HDMI totalmente digital, sem perda de transmiss\u00e3o;<br \/>\n\u2022 Funciona com monitor HDTV ou HDMI;<br \/>\n\u2022 Sem complica\u00e7\u00f5es! Plug and play \u00e0 medida que avan\u00e7a;<br \/>\n\u2022 Suporta todos os modos de exibi\u00e7\u00e3o ps2;<br \/>\n\u2022 Sem adaptador de energia, sem cabos bagun\u00e7ados &#8211; apenas um cabo HDMI;<br \/>\n\u2022 Modo de entrada de v\u00eddeo suportados: 480i, 480p, 576;<br \/>\n\u2022 Conectores de Sa\u00edda: 1x Conector HDMI, 1x conector P2 est\u00e9reo de 3.5 mm \u00e1udio<\/p>\n<p>GARANTA J\u00c1 ESSE CABO CONVERSOR E N\u00c3O FIQUE SEM JOGAR O SEU PLAYSTATION 2!<\/p>\n<\/div>\n<\/div>\n","protected":false},"excerpt":{"rendered":"<p class=\"ui-pdp-title\">Adaptador Conversor Ps2 Av Para Cabo Hdmi Ps2 To Hdmi Promo<\/p>\n","protected":false},"featured_media":4159,"comment_status":"open","ping_status":"closed","template":"","meta":[],"product_brand":[],"product_cat":[81],"product_tag":[],"class_list":{"0":"post-4158","1":"product","2":"type-product","3":"status-publish","4":"has-post-thumbnail","6":"product_cat-jogos","8":"first","9":"instock","10":"shipping-taxable","11":"purchasable","12":"product-type-simple"},"_links":{"self":[{"href":"https:\/\/rafaacessorios.com.br\/index.php\/wp-json\/wp\/v2\/product\/4158","targetHints":{"allow":["GET"]}}],"collection":[{"href":"https:\/\/rafaacessorios.com.br\/index.php\/wp-json\/wp\/v2\/product"}],"about":[{"href":"https:\/\/rafaacessorios.com.br\/index.php\/wp-json\/wp\/v2\/types\/product"}],"replies":[{"embeddable":true,"href":"https:\/\/rafaacessorios.com.br\/index.php\/wp-json\/wp\/v2\/comments?post=4158"}],"wp:featuredmedia":[{"embeddable":true,"href":"https:\/\/rafaacessorios.com.br\/index.php\/wp-json\/wp\/v2\/media\/4159"}],"wp:attachment":[{"href":"https:\/\/rafaacessorios.com.br\/index.php\/wp-json\/wp\/v2\/media?parent=4158"}],"wp:term":[{"taxonomy":"product_brand","embeddable":true,"href":"https:\/\/rafaacessorios.com.br\/index.php\/wp-json\/wp\/v2\/product_brand?post=4158"},{"taxonomy":"product_cat","embeddable":true,"href":"https:\/\/rafaacessorios.com.br\/index.php\/wp-json\/wp\/v2\/product_cat?post=4158"},{"taxonomy":"product_tag","embeddable":true,"href":"https:\/\/rafaacessorios.com.br\/index.php\/wp-json\/wp\/v2\/product_tag?post=4158"}],"curies":[{"name":"wp","href":"https:\/\/api.w.org\/{rel}","templated":true}]}}