{"id":4167,"date":"2023-02-22T11:03:14","date_gmt":"2023-02-22T14:03:14","guid":{"rendered":"http:\/\/rafaacessorios.com.br\/?post_type=product&#038;p=4167"},"modified":"2023-02-22T12:01:52","modified_gmt":"2023-02-22T15:01:52","slug":"suporte-de-celular-para-moto-2","status":"publish","type":"product","link":"https:\/\/rafaacessorios.com.br\/index.php\/produto\/suporte-de-celular-para-moto-2\/","title":{"rendered":"Suporte de celular para moto"},"content":{"rendered":"<p>Pode ser fixado no guid\u00e3o\/retrovisor<br \/>\nUniversal para todos os tipos de motos que possuem retrovisor rosque\u00e1vel ou mesa do guid\u00e3o com parafusos.<br \/>\nAlimenta\u00e7\u00e3o USB 1A<br \/>\nCompat\u00edvel com Samsung, Motorola, Iphone e outras marcas diversas com telas entre 4&#8243; e 7&#8243;<br \/>\n\u00d3tima fixa\u00e7\u00e3o e conta ainda com exclusivo el\u00e1stico para dar mais seguran\u00e7a.<br \/>\nRota\u00e7\u00e3o em 360\u00b0<br \/>\nAjuste de Garra em fus\u00e3o rosquear<br \/>\nIdeal para diversos dispositivos m\u00f3veis<br \/>\nSa\u00edda de USB<br \/>\nEntrada alimenta\u00e7\u00e3o:12V<br \/>\nAlimenta\u00e7\u00e3o de Sa\u00edda:5V\/1A(Real)<br \/>\nCompat\u00edvel para motos e ve\u00edculos com retrovisor lateral em rosca<\/p>\n","protected":false},"excerpt":{"rendered":"<p class=\"ui-pdp-title\">Suporte Celular Moto Com Carregador Universal Usb Garra X<\/p>\n","protected":false},"featured_media":4168,"comment_status":"open","ping_status":"closed","template":"","meta":[],"product_brand":[],"product_cat":[33],"product_tag":[],"class_list":{"0":"post-4167","1":"product","2":"type-product","3":"status-publish","4":"has-post-thumbnail","6":"product_cat-automobilistico","8":"first","9":"instock","10":"shipping-taxable","11":"purchasable","12":"product-type-simple"},"_links":{"self":[{"href":"https:\/\/rafaacessorios.com.br\/index.php\/wp-json\/wp\/v2\/product\/4167","targetHints":{"allow":["GET"]}}],"collection":[{"href":"https:\/\/rafaacessorios.com.br\/index.php\/wp-json\/wp\/v2\/product"}],"about":[{"href":"https:\/\/rafaacessorios.com.br\/index.php\/wp-json\/wp\/v2\/types\/product"}],"replies":[{"embeddable":true,"href":"https:\/\/rafaacessorios.com.br\/index.php\/wp-json\/wp\/v2\/comments?post=4167"}],"wp:featuredmedia":[{"embeddable":true,"href":"https:\/\/rafaacessorios.com.br\/index.php\/wp-json\/wp\/v2\/media\/4168"}],"wp:attachment":[{"href":"https:\/\/rafaacessorios.com.br\/index.php\/wp-json\/wp\/v2\/media?parent=4167"}],"wp:term":[{"taxonomy":"product_brand","embeddable":true,"href":"https:\/\/rafaacessorios.com.br\/index.php\/wp-json\/wp\/v2\/product_brand?post=4167"},{"taxonomy":"product_cat","embeddable":true,"href":"https:\/\/rafaacessorios.com.br\/index.php\/wp-json\/wp\/v2\/product_cat?post=4167"},{"taxonomy":"product_tag","embeddable":true,"href":"https:\/\/rafaacessorios.com.br\/index.php\/wp-json\/wp\/v2\/product_tag?post=4167"}],"curies":[{"name":"wp","href":"https:\/\/api.w.org\/{rel}","templated":true}]}}