{"id":4205,"date":"2023-03-11T10:38:08","date_gmt":"2023-03-11T13:38:08","guid":{"rendered":"http:\/\/rafaacessorios.com.br\/?post_type=product&#038;p=4205"},"modified":"2023-03-11T10:38:09","modified_gmt":"2023-03-11T13:38:09","slug":"espelho-portatil-com-led","status":"publish","type":"product","link":"https:\/\/rafaacessorios.com.br\/index.php\/produto\/espelho-portatil-com-led\/","title":{"rendered":"Espelho portatil com led"},"content":{"rendered":"<p class=\"ui-pdp-title\">Espelho Com Ventilador Usb Porco Rosa Espelho Led Port\u00e1til<\/p>\n","protected":false},"excerpt":{"rendered":"<p>Cont\u00e9m:<br \/>\n1\u00a0Espelho com Ventilador Porquinho Rosa<br \/>\n1 cabo USB<\/p>\n<p>Tamanho compacto e livre de fios, sendo \u00fatil para qualquer situa\u00e7\u00e3o e f\u00e1cil de instala\u00e7\u00e3o. ventila\u00e7\u00e3o com motor silencioso. Podendo ser ligado atrav\u00e9s de bateria de l\u00edtio recarreg\u00e1vel e tamb\u00e9m por meio de um cabo USB, todos itens inclusos.<br \/>\nPode ser usado nas m\u00e3os ou em mesa junto a sua base de apoio.<br \/>\nPossu\u00ed espelho com luz de led branca para sua comodidade.<\/p>\n<p>ESPECIFICA\u00c7\u00d5ES:<br \/>\nPeso: 123g<br \/>\nVoltagem: Bivolt<br \/>\nConsumo: 3 &#8211; 7V<br \/>\nMaterial: Pl\u00e1stico ABS<br \/>\nFonte de energia: Bateria Recarreg\u00e1vel<br \/>\nTipo de bateria: 3250mAh Bateria de litio recarreg\u00e1vel<br \/>\nPot\u00eancia de sa\u00edda: 3W (m\u00e1x.)<br \/>\nCarregador: entrada: 0,5-1A<br \/>\nSa\u00edda: 5-9v<\/p>\n<p>DIMENS\u00d5ES:<br \/>\nAltura: 8cmx8cm<br \/>\nh\u00e9lice: 9cm<br \/>\nComprimento do cabo: 60cm<\/p>\n","protected":false},"featured_media":4206,"comment_status":"open","ping_status":"closed","template":"","meta":[],"product_brand":[],"product_cat":[15],"product_tag":[],"class_list":{"0":"post-4205","1":"product","2":"type-product","3":"status-publish","4":"has-post-thumbnail","6":"product_cat-sem-categoria","8":"first","9":"instock","10":"shipping-taxable","11":"purchasable","12":"product-type-simple"},"_links":{"self":[{"href":"https:\/\/rafaacessorios.com.br\/index.php\/wp-json\/wp\/v2\/product\/4205","targetHints":{"allow":["GET"]}}],"collection":[{"href":"https:\/\/rafaacessorios.com.br\/index.php\/wp-json\/wp\/v2\/product"}],"about":[{"href":"https:\/\/rafaacessorios.com.br\/index.php\/wp-json\/wp\/v2\/types\/product"}],"replies":[{"embeddable":true,"href":"https:\/\/rafaacessorios.com.br\/index.php\/wp-json\/wp\/v2\/comments?post=4205"}],"wp:featuredmedia":[{"embeddable":true,"href":"https:\/\/rafaacessorios.com.br\/index.php\/wp-json\/wp\/v2\/media\/4206"}],"wp:attachment":[{"href":"https:\/\/rafaacessorios.com.br\/index.php\/wp-json\/wp\/v2\/media?parent=4205"}],"wp:term":[{"taxonomy":"product_brand","embeddable":true,"href":"https:\/\/rafaacessorios.com.br\/index.php\/wp-json\/wp\/v2\/product_brand?post=4205"},{"taxonomy":"product_cat","embeddable":true,"href":"https:\/\/rafaacessorios.com.br\/index.php\/wp-json\/wp\/v2\/product_cat?post=4205"},{"taxonomy":"product_tag","embeddable":true,"href":"https:\/\/rafaacessorios.com.br\/index.php\/wp-json\/wp\/v2\/product_tag?post=4205"}],"curies":[{"name":"wp","href":"https:\/\/api.w.org\/{rel}","templated":true}]}}