{"id":4320,"date":"2023-09-27T17:46:24","date_gmt":"2023-09-27T20:46:24","guid":{"rendered":"http:\/\/rafaacessorios.com.br\/?post_type=product&#038;p=4320"},"modified":"2024-02-14T23:07:26","modified_gmt":"2024-02-15T02:07:26","slug":"4320","status":"publish","type":"product","link":"https:\/\/rafaacessorios.com.br\/index.php\/produto\/4320\/","title":{"rendered":"Fone Airdsot Pro"},"content":{"rendered":"<p>FONE DE OUVIDO TWS BLUETOOTH IN-EAR<\/p>\n<p>Procurando um Fone TOP, com design moderno, confort\u00e1vel e que lhe proporciona um som incr\u00edvel de alta qualidade?<\/p>\n<p>ENT\u00c3O ESSE \u00c9 &#8220;O SEU&#8221; FONE!<\/p>\n<p>Uma nova gera\u00e7\u00e3o de bluetooth 5.1, mais r\u00e1pido e mais est\u00e1vel com tecnologia TWS.<\/p>\n<p>Agora sim voc\u00ea pode ter tudo junto praticidade e conforto na hora de ouvir aquela musicas preferida , os seus audios nunca mais ser\u00e3o os mesmos<\/p>\n<p>Fone De Ouvido Bluetooth Tws In-ear com garantia, NOTA FISCAL<br \/>\nTodos os nossos produtos s\u00e3o testados e revisados entes de embalar e enviar para voc\u00ea<\/p>\n<p>Produtos ja no centro de distribui\u00e7\u00e3o preparados pro envio imediato para todo o Brasil, todos os envios s\u00e3o feitos por transportadoras , para garantir que o seu produto chegue o mais r\u00e1pido poss\u00edvel<\/p>\n<p>OS FONES DE OUVIDO AIRDOTS FUNCIONAM EM QUALQUER CELULAR, QUE TENHA BLUETOOTH.<\/p>\n<p>Cor: Preto<br \/>\nMarca: Importado<br \/>\nFun\u00e7\u00f5es: reprodu\u00e7\u00e3o de m\u00fasica, atender \/ desligar liga\u00e7\u00e3o, replay, comandos de voz.<br \/>\nAlcance: Em media 10m (em um ambiente sem obst\u00e1culos)<br \/>\nCapacidade da bateria: 43 mAh (por fone de ouvido)<br \/>\nTempo de carregamento: Aprox. 1,5h (fones) 2h (case)<br \/>\nTempo de conversa\u00e7\u00e3o: Aprox.4h (fones) 12h (case carga completa)<br \/>\nTempo de uso: 3 &#8211; 4 horas, depende do uso<br \/>\nEntrada: 5V 100MA<br \/>\nTipo de Bateria interna recarreg\u00e1vel;<br \/>\nConectividade: 5. 0<br \/>\nCase Carregadora<br \/>\nEntrada: 5V 500MA<br \/>\nSa\u00edda: 5V150mA<\/p>\n<p>Conte\u00fado da embalagem:<br \/>\n&#8211; 01 Par de fones de ouvido<br \/>\n&#8211; 01 Caixa de carregamento<br \/>\n&#8211; 01 Cabo USB para carregamento<br \/>\n&#8211; 01 kit tamp\u00e3ozinho ajuste de tamanho de ouvido flex\u00edvel;<\/p>\n<p>IMPORTANTE:<\/p>\n<p>* AO RECEBER SEU PRODUTO RETIRE A PELICULA DE PROTE\u00c7\u00c3O DO FONE E DEIXE-O CARREGAR POR PELO MENOS 2 HORAS*<br \/>\n* AO CONECTAR O FONE A UM APARELHO E UM LADO N\u00c3O FUNCIONAR N\u00c3O \u00c9 DEFEITO, DESCONECTE E CONECTE AMBOS OS FONES NOVAMENTE PARA QUE POSSAM SINCRONIZAR*<\/p>\n<p>! ATEN\u00c7\u00c3O. N\u00c3O UTILIZAR CARREGADOR TURBO, POIS PODE DANIFICAR O APARELHO.<\/p>\n","protected":false},"excerpt":{"rendered":"<p class=\"ui-pdp-title\">Fone De Ouvido Bluetooth Original Tws In-ear Com Anatel<\/p>\n","protected":false},"featured_media":4321,"comment_status":"open","ping_status":"closed","template":"","meta":[],"product_brand":[],"product_cat":[80],"product_tag":[],"class_list":{"0":"post-4320","1":"product","2":"type-product","3":"status-publish","4":"has-post-thumbnail","6":"product_cat-fones","8":"first","9":"instock","10":"sale","11":"shipping-taxable","12":"purchasable","13":"product-type-simple"},"_links":{"self":[{"href":"https:\/\/rafaacessorios.com.br\/index.php\/wp-json\/wp\/v2\/product\/4320","targetHints":{"allow":["GET"]}}],"collection":[{"href":"https:\/\/rafaacessorios.com.br\/index.php\/wp-json\/wp\/v2\/product"}],"about":[{"href":"https:\/\/rafaacessorios.com.br\/index.php\/wp-json\/wp\/v2\/types\/product"}],"replies":[{"embeddable":true,"href":"https:\/\/rafaacessorios.com.br\/index.php\/wp-json\/wp\/v2\/comments?post=4320"}],"wp:featuredmedia":[{"embeddable":true,"href":"https:\/\/rafaacessorios.com.br\/index.php\/wp-json\/wp\/v2\/media\/4321"}],"wp:attachment":[{"href":"https:\/\/rafaacessorios.com.br\/index.php\/wp-json\/wp\/v2\/media?parent=4320"}],"wp:term":[{"taxonomy":"product_brand","embeddable":true,"href":"https:\/\/rafaacessorios.com.br\/index.php\/wp-json\/wp\/v2\/product_brand?post=4320"},{"taxonomy":"product_cat","embeddable":true,"href":"https:\/\/rafaacessorios.com.br\/index.php\/wp-json\/wp\/v2\/product_cat?post=4320"},{"taxonomy":"product_tag","embeddable":true,"href":"https:\/\/rafaacessorios.com.br\/index.php\/wp-json\/wp\/v2\/product_tag?post=4320"}],"curies":[{"name":"wp","href":"https:\/\/api.w.org\/{rel}","templated":true}]}}