{"id":95,"date":"2019-09-18T18:15:58","date_gmt":"2019-09-18T21:15:58","guid":{"rendered":"http:\/\/rafaacessorios.com.br\/?post_type=product&#038;p=95"},"modified":"2026-02-13T09:30:27","modified_gmt":"2026-02-13T12:30:27","slug":"balanca-digital","status":"publish","type":"product","link":"https:\/\/rafaacessorios.com.br\/index.php\/produto\/balanca-digital\/","title":{"rendered":"Balan\u00e7a Digital"},"content":{"rendered":"<section class=\"main-section item-description \">\n<div id=\"description-includes\" class=\"item-description__content \">\n<div class=\"item-description__text\">\n<p>MEDIDAS DA BALAN\u00c7A : 34,5X34X10,5 CM<\/p>\n<p>&#8211; PRECIS\u00c3O : 1\/3000 F.S<\/p>\n<p>&#8211; ENTRADA AC 110-220V (BIVOLT)<\/p>\n<p>&#8211; LUZ DO PAINEL VERDE<\/p>\n<p>&#8211; CAPACIDADE : 40KG COM ESCALA DE 5G<\/p>\n<p>&#8211; ARMAZENA AT\u00c9 8 PRE\u00c7OS UNIT\u00c1RIOS<\/p>\n<p>&#8211; ACUMULA OPERA\u00c7\u00d5ES DE 0-99<\/p>\n<p>&#8211; FUN\u00c7\u00c3O AUTO DESLIGAR PARA ECONOMIZAR ENERGIA<\/p>\n<p>PAINEL DE EXIBI\u00c7\u00c3O :<\/p>\n<p>-DISPLAY DE PESO : 5 DIG\u00cdTOS<\/p>\n<p>-DISPLAY PRE\u00c7O UNIT\u00c1RIO : 5 DIG\u00cdTOS<\/p>\n<p>-DISPLAY DE PRE\u00c7O TOTAL: 6 DIG\u00cdTOS<\/p>\n<p>MARCA : <strong>MAST<\/strong><\/p>\n<p>C\u00d3DIGO :<\/p>\n<\/div>\n<\/div>\n<\/section>\n<div class=\"vip-card\"><\/div>\n<div>\n<p><strong>Marca: MAST<\/strong><\/p>\n<p><strong>Modelo: <\/strong>40 KG<\/p>\n<p><strong>Tipo de tela da balan\u00e7a digital: <\/strong>LED<\/p>\n<\/div>\n","protected":false},"excerpt":{"rendered":"<p>BALAN\u00c7A ELETR\u00d4NICA DIGITAL COMERCIAL COM CAPACIDADE DE PESAR AT\u00c9 40 KG<\/p>\n","protected":false},"featured_media":4328,"comment_status":"open","ping_status":"closed","template":"","meta":[],"product_brand":[],"product_cat":[30],"product_tag":[],"class_list":{"0":"post-95","1":"product","2":"type-product","3":"status-publish","4":"has-post-thumbnail","6":"product_cat-balancas","8":"first","9":"instock","10":"sale","11":"shipping-taxable","12":"purchasable","13":"product-type-simple"},"_links":{"self":[{"href":"https:\/\/rafaacessorios.com.br\/index.php\/wp-json\/wp\/v2\/product\/95","targetHints":{"allow":["GET"]}}],"collection":[{"href":"https:\/\/rafaacessorios.com.br\/index.php\/wp-json\/wp\/v2\/product"}],"about":[{"href":"https:\/\/rafaacessorios.com.br\/index.php\/wp-json\/wp\/v2\/types\/product"}],"replies":[{"embeddable":true,"href":"https:\/\/rafaacessorios.com.br\/index.php\/wp-json\/wp\/v2\/comments?post=95"}],"wp:featuredmedia":[{"embeddable":true,"href":"https:\/\/rafaacessorios.com.br\/index.php\/wp-json\/wp\/v2\/media\/4328"}],"wp:attachment":[{"href":"https:\/\/rafaacessorios.com.br\/index.php\/wp-json\/wp\/v2\/media?parent=95"}],"wp:term":[{"taxonomy":"product_brand","embeddable":true,"href":"https:\/\/rafaacessorios.com.br\/index.php\/wp-json\/wp\/v2\/product_brand?post=95"},{"taxonomy":"product_cat","embeddable":true,"href":"https:\/\/rafaacessorios.com.br\/index.php\/wp-json\/wp\/v2\/product_cat?post=95"},{"taxonomy":"product_tag","embeddable":true,"href":"https:\/\/rafaacessorios.com.br\/index.php\/wp-json\/wp\/v2\/product_tag?post=95"}],"curies":[{"name":"wp","href":"https:\/\/api.w.org\/{rel}","templated":true}]}}